5 = f. Calculate the greatest common factor of 10 and u.
5
Suppose -5*d - 3*h + 29 = 0, 4*d + 0*d + 4*h = 28. Suppose p + d*a - 101 = -67, 4*p - 3*a = 79. What is the highest common divisor of 110 and p?
22
Let h be 2*132 - -4 - -2. Suppose -4*z = -2*z - h. Calculate the greatest common divisor of 54 and z.
27
Let z = 0 + 9. Let j(p) = p**3 + 16*p**2 - 8*p - 47. Let i be j(-16). What is the greatest common factor of i and z?
9
Suppose p = -5*t - 0*t + 262, -1143 = -4*p - t. Let z(q) = 10*q**2 + 1. Let x be z(-2). What is the highest common factor of p and x?
41
Suppose 3119*a - 18207 = 3000*a. What is the highest common factor of 3944 and a?
17
Let v be 210/4 + 105/70. Calculate the highest common factor of v and 522.
18
Let f(h) = -h + 7. Let m be f(7). Suppose 4*a = t - 44, -2*t - 5*a + 91 + 62 = m. Let x = 117 - 109. Calculate the greatest common factor of t and x.
8
Let u be (30/9)/((-1)/(-9)). Suppose -90 = -5*z + 4*v, 5*v - 6*v = 0. Let q = 42 - z. Calculate the greatest common factor of q and u.
6
Let q(h) = 2*h**2 + 2*h + 9. Let f be q(7). Suppose -2*j - 50 = -4*w + 114, -2*w - 3*j = -74. Let m = w + -29. What is the highest common factor of m and f?
11
Suppose 286*r - 2210 = 252*r. Calculate the highest common divisor of r and 1035.
5
Let k be 9306/(-63) + (-4)/14. Let v be 18/(-63) + k/(-28). What is the greatest common factor of 95 and v?
5
Let u(h) = 79*h - 8408. Let g be u(111). Calculate the highest common divisor of 437 and g.
19
Let t(u) = -86*u + 517. Let y be t(6). Let p = 95 - 94. What is the greatest common divisor of p and y?
1
Let b(t) be the second derivative of 2*t**4/3 + t**2/2 + 27*t. Let f be b(1). Let w = 37 - f. Calculate the highest common divisor of w and 14.
14
Suppose -3*f = 4*n - 3*n - 24, -2*n = -f + 15. Let h(o) = -3 - f - 9 + 9*o. Let k be h(21). Calculate the greatest common divisor of k and 24.
24
Let d(g) = 72*g - 629. Let q be d(15). Calculate the highest common factor of q and 22.
11
Let w = -10 - -36. Let g be ((-852)/(-3) + -2)*145/58. Suppose 24*o - 855 = g. Calculate the highest common factor of o and w.
13
Suppose -84*l + 82*l = 2082. Let q = -981 - l. Calculate the greatest common divisor of q and 100.
20
Let g(b) = 3*b**3 - 128*b**2 - 62*b + 828. Let t be g(43). What is the highest common divisor of 17853 and t?
11
Suppose 533*r - 567*r + 59 = -1947. What is the highest common factor of 75107 and r?
59
Suppose -2*x + 2*p - 1002 = -1404, -2*p = 3*x - 618. What is the highest common divisor of x and 374?
34
Let z = 153054 + -152978. Suppose 92 + 193 = 3*b. What is the greatest common divisor of b and z?
19
Suppose -86 = -10*a + 4*x - 2*x, -a + 2*x + 23 = 0. Calculate the greatest common divisor of a and 497.
7
Let t be (-1 - 0)*(1 + -3). Let y(n) = 17*n - 15. Let x be y(1). Suppose -x*s = -7*s - 2*r + 28, 0 = s + 5*r - 1. What is the highest common factor of t and s?
2
Let f be 16390/60 - 8*(-1)/(-48). Calculate the highest common factor of 182 and f.
91
Let n = 21 + -12. Suppose -16*l - 399 = -20*l - 3*x, -4*x = -5*l + 491. Calculate the highest common factor of l and n.
9
Let z be ((-121)/(-5) - 11)*10/4. What is the greatest common divisor of z and 5973?
33
Suppose 5*u - 4*o - 23 = 94, 3*o = 4*u - 93. Calculate the highest common divisor of 11991 and u.
21
Let s = -124 + 126. Suppose -3*k - 4*o + 11 = -s, 0 = -2*k - 3*o + 7. Calculate the greatest common divisor of k and 44.
11
Let i = 9 + -29. Let k = i + 36. Suppose -4*p = -2*q - 58, 4*q + k = p + 2*q. What is the highest common factor of p and 21?
7
Let v(q) = 26*q - 35. Suppose 18*a + 3*a - 105 = 0. Let g be v(a). What is the greatest common divisor of g and 15?
5
Suppose 0 = g - 5*m - 15006, g + 3*m = 5*m + 15000. Calculate the highest common divisor of 92 and g.
92
Let s be (-3)/6*-1 + 756/24. Let h be (-4)/(-26) + 8/52*727. What is the highest common divisor of h and s?
16
Let c = -9238 - -9239. Calculate the greatest common divisor of 512 and c.
1
Let q = -17 + 322. Let x be -9 + -2 + 11 + 4. Suppose -373 = -5*n - 4*y, x*n + 2*y = y + q. What is the greatest common divisor of 7 and n?
7
Let l be ((-9)/2 + 6)*108/1. Suppose -164*z = -l*z - 4. What is the greatest common factor of z and 26?
2
Let k(p) = 271*p - 1345. Let x be k(5). What is the greatest common factor of x and 2880?
10
Suppose 38 = u + 5*w - 7*w, w - 23 = -u. Let j be (-6 + (-136)/(-16))*2. Suppose j*o = 3*o + u. Calculate the greatest common divisor of o and 14.
14
Suppose 0 = 6*w - 6 - 0. Let i be ((56/20)/w)/(6/90). What is the highest common divisor of 70 and i?
14
Let c be (8 - 8) + 8 - 1*-4. Suppose c = 2*m + 2*k, -m - 4*k + 15 + 0 = 0. Calculate the greatest common divisor of 51 and m.
3
Let u = 78 - 54. Let t = 29 - u. Suppose -3*b - 5 = -j, 9 = j + t*b - 6*b. Calculate the greatest common divisor of j and 143.
11
Suppose o + z - 91 = 0, -168*o + 170*o - z - 188 = 0. What is the greatest common divisor of 2046 and o?
93
Let s(j) = 7. Let y(v) = 72*v + 427. Let o(x) = 3*s(x) - y(x). Let g be o(-20). What is the greatest common divisor of g and 188?
94
Let m(g) = -2*g**3 - 22*g**2 - 32*g + 12. Let x be m(-12). Let z = x - 645. Calculate the highest common factor of 624 and z.
39
Suppose 25 = 12*m - 7*m. Let t(x) = x**3 - 5*x**2 - 3*x + 27. Let w be t(m). What is the greatest common factor of 36 and w?
12
Let q = 11066 + -10490. Calculate the highest common divisor of q and 992.
32
Let y be (-520)/(-12)*(-12)/8. Let w be (-6)/10 - 14664/y. What is the highest common factor of w and 9?
9
Suppose -w = -28 - 34. Let b = -62 + w. Suppose -11*a + 10*a + 26 = b. Calculate the highest common factor of a and 130.
26
Let c be ((-12)/9)/((-22)/33). Suppose c*d + 900 = 11*d. Calculate the greatest common factor of d and 25.
25
Let h(k) = -76*k**2 - 77*k**2 - 28 + 152*k**2 + 15*k. Let r be h(12). Let n be (11/(-2))/(12/r - 2). Calculate the highest common factor of n and 88.
11
Suppose 225*w = 220*w + 165. What is the greatest common divisor of w and 869?
11
Let k be (6 - -4554)/5*1/(-2). Let b = k + 518. What is the greatest common divisor of 217 and b?
31
Let a(c) = c**3 - 123*c**2 - 139*c + 1947. Let j be a(124). Let o(g) = g**2 - g + 348. Let u be o(0). Calculate the highest common factor of j and u.
87
Suppose 4*a + 40 = -2*z + 4, a + 4*z = -16. Let x be a/(-6) - (-90)/(-27). Let t be (-126)/x*(-11 - -12). What is the greatest common divisor of t and 9?
9
Let k be (-23 - -26)/((-6)/(-14) + 0). Suppose -8*g - 81 = -5*g. Let i = g - -104. Calculate the greatest common divisor of i and k.
7
Let v be -3*(-4)/24*-7*-78. Let h = -4044 + 4122. Calculate the greatest common divisor of v and h.
39
Let g(z) = -5*z**2 + 3*z + z + 7*z**2 + 4 - 10. Let r be g(-4). Let k = 184 + -180. Calculate the highest common factor of r and k.
2
Suppose 0 = 20*t - 17*t - 42. Suppose t*g + 74 - 172 = 0. What is the highest common factor of g and 6?
1
Let g = 131 + -135. Let d be 30 + (g - (-15)/3) - 4. What is the greatest common divisor of 54 and d?
27
Let h be (-4)/(-8) + 1341/18. Suppose -2*a + 31 = -m, -11 + h = 3*a - 5*m. Calculate the greatest common divisor of a and 143.
13
Suppose 4*o - 4954 = -s - 779, -2*o - 16700 = -4*s. What is the greatest common factor of s and 167?
167
Suppose 0 = s - 8*c + 3*c - 2734, 3*c = 2*s - 5482. What is the highest common factor of 16 and s?
8
Suppose -2*i - 2*i - y + 8 = 0, 2*i - 4 = 2*y. Let m(n) = n**2 + 143*n + 46. Let u be m(0). What is the highest common divisor of i and u?
2
Let c = -90 - -90. Suppose c = -5*x + 10, 2*h = -2*h - 2*x - 4. Let u(k) = -21*k - 17. Let f be u(h). Calculate the greatest common factor of f and 25.
25
Suppose 0 = 8*o + 67 - 899. Let f be 1*o*(-26 - -28). Calculate the greatest common factor of f and 26.
26
Let g = -12430 + 13774. What is the greatest common divisor of 21 and g?
21
Suppose 45*v + 239*v - 44*v = 1104000. Calculate the highest common factor of v and 184.
184
Let d = -2460 - -2532. What is the highest common factor of 4104 and d?
72
Let c be (-1226)/((-26)/(-6) + -5). Suppose 4*y + 3*k - c = 0, -4*k + 477 = y - 9*k. What is the highest common factor of y and 42?
42
Suppose -2*o - 132 = -120, 2*p - 2*o = 172. What is the greatest common factor of p and 368?
16
Suppose 1114 - 423 = q - 4*b, 0 = b - 4. Calculate the